{"id":986,"date":"2018-08-30T11:10:33","date_gmt":"2018-08-30T14:10:33","guid":{"rendered":"https:\/\/des-cat.infd.edu.ar\/sitio\/noticias\/"},"modified":"2023-06-05T10:51:02","modified_gmt":"2023-06-05T13:51:02","slug":"noticias","status":"publish","type":"page","link":"https:\/\/des-cat.infd.edu.ar\/sitio\/noticias\/","title":{"rendered":"Noticias"},"content":{"rendered":"<h5>CONVOCATORIA PARA LA COBERTURA DE COORDINADORES INSTITUCIONALES DE POL\u00cdTICAS ESTUDIANTILES &#8211; PERIODO 2023<\/h5>\n<p>Resultados del proceso de selecci\u00f3n para la cobertura del cargo de CIPE del Instituto Superior de Educaci\u00f3n F\u00edsica y el Instituto de Educaci\u00f3n Superior \u00abBel\u00e9n\u00bb.<\/p>\n<p><a href=\"https:\/\/des-cat.infd.edu.ar\/sitio\/wp-content\/uploads\/2023\/06\/Seleccion-de-CIPEs-ISEF-e-IES-Belen-2023.pdf\">Selecci\u00f3n de CIPEs 2023<\/a><\/p>\n","protected":false},"excerpt":{"rendered":"<p>CONVOCATORIA PARA LA COBERTURA DE COORDINADORES INSTITUCIONALES DE POL\u00cdTICAS ESTUDIANTILES &#8211; PERIODO 2023 Resultados del proceso de selecci\u00f3n para la cobertura del cargo de CIPE del Instituto Superior de Educaci\u00f3n F\u00edsica y el Instituto de Educaci\u00f3n Superior \u00abBel\u00e9n\u00bb. Selecci\u00f3n de CIPEs 2023<\/p>\n","protected":false},"author":45,"featured_media":0,"parent":0,"menu_order":0,"comment_status":"closed","ping_status":"closed","template":"","meta":[],"acf":[],"_links":{"self":[{"href":"https:\/\/des-cat.infd.edu.ar\/sitio\/wp-json\/wp\/v2\/pages\/986"}],"collection":[{"href":"https:\/\/des-cat.infd.edu.ar\/sitio\/wp-json\/wp\/v2\/pages"}],"about":[{"href":"https:\/\/des-cat.infd.edu.ar\/sitio\/wp-json\/wp\/v2\/types\/page"}],"author":[{"embeddable":true,"href":"https:\/\/des-cat.infd.edu.ar\/sitio\/wp-json\/wp\/v2\/users\/45"}],"replies":[{"embeddable":true,"href":"https:\/\/des-cat.infd.edu.ar\/sitio\/wp-json\/wp\/v2\/comments?post=986"}],"version-history":[{"count":8,"href":"https:\/\/des-cat.infd.edu.ar\/sitio\/wp-json\/wp\/v2\/pages\/986\/revisions"}],"predecessor-version":[{"id":2698,"href":"https:\/\/des-cat.infd.edu.ar\/sitio\/wp-json\/wp\/v2\/pages\/986\/revisions\/2698"}],"wp:attachment":[{"href":"https:\/\/des-cat.infd.edu.ar\/sitio\/wp-json\/wp\/v2\/media?parent=986"}],"curies":[{"name":"wp","href":"https:\/\/api.w.org\/{rel}","templated":true}]}}

<h5>CONVOCATORIA PARA LA COBERTURA DE COORDINADORES INSTITUCIONALES DE POLÍTICAS ESTUDIANTILES &#8211; PERIODO 2023</h5>
<p>Resultados del proceso de selección para la cobertura del cargo de CIPE del Instituto Superior de Educación Física y el Instituto de Educación Superior «Belén».</p>
<p><a href="https://des-cat.infd.edu.ar/sitio/wp-content/uploads/2023/06/Seleccion-de-CIPEs-ISEF-e-IES-Belen-2023.pdf">Selección de CIPEs 2023</a></p>

<p>CONVOCATORIA PARA LA COBERTURA DE COORDINADORES INSTITUCIONALES DE POLÍTICAS ESTUDIANTILES &#8211; PERIODO 2023 Resultados del proceso de selección para la cobertura del cargo de CIPE del Instituto Superior de Educación Física y el Instituto de Educación Superior «Belén». Selección de CIPEs 2023</p>
